*b + 3. Let r(t) = -12*t**2 - 3*t + 4. Let w(d) = 5*r(d) - 6*u(d). Let p be w(1). Let m = p + 7. What is the tens digit of m?
1
Let x = -12 + 15. Suppose 157 = x*o - 176. What is the tens digit of o?
1
Suppose -152*c + 131*c = -77175. What is the tens digit of c?
7
What is the units digit of (-2065560)/(-450) + (-2)/15?
0
Suppose i + 7 = n + 6*i, -4*i = 0. Suppose 20 + n = 3*d. Let o = -8 + d. What is the units digit of o?
1
Let h(b) = -b**3 - 7*b**2 + 6*b + 1. Let w be h(-8). Suppose -d + w = -5. Suppose 3*m = i - d, i + m + m - 37 = 0. What is the units digit of i?
1
Let y be 3*((-1 - -4) + 0). Let g(v) = 4*v - 9. Let r be g(y). Let d = r - 16. What is the units digit of d?
1
Suppose 3*o - 7*o = j - 2692, 3*j - 8036 = -4*o. What is the tens digit of j?
7
Let o = -370 - -935. What is the tens digit of o?
6
Let g(y) = -3*y**3 - 10*y**2 - 9*y + 4. What is the tens digit of g(-10)?
9
What is the tens digit of (320/(-240))/(259/(-258) - -1)?
4
Let h = 1431 - 477. What is the units digit of h?
4
Suppose w - 100 = -6*x + 2*x, w = -3*x + 76. Suppose 1226 = 5*f - x. What is the tens digit of f?
5
Let r be (2*-1)/((-9)/27). Suppose 4*j = r*j - 100. What is the units digit of j?
0
Let v be 33 + (0 + 0)/1. Let p = v + -31. What is the units digit of p?
2
Suppose -17*p - 8168 = -21*p + 4*k, 0 = -p - 3*k + 2038. What is the hundreds digit of p?
0
Let t = 1953 + -1244. What is the hundreds digit of t?
7
Let w(f) = -41*f + 4. Let p be w(-10). What is the units digit of (-5)/(-2)*p/15?
9
Let n(z) = -z**2 + 6*z - 6. Let c be n(4). Let f be (-18)/6 - (c - 601). What is the tens digit of (-8)/(-60) - f/(-30)?
2
Let i be 2*(-2)/8 - (-1762)/4. What is the units digit of (6/(-15))/(1*(-4)/i)?
4
What is the units digit of ((-1)/4)/(1/4) - -524?
3
Let a be 286/(-4) - 3/(-6). Let k = 100 + a. Let y = k - 14. What is the tens digit of y?
1
What is the hundreds digit of (4/6*3)/(16/4168)?
5
Let s be ((-1 - -2) + -2)*-2. Suppose s = u - 9. What is the tens digit of u?
1
Let y = 41 + -39. Suppose 6*o - y*o = 12. What is the units digit of o?
3
Let w(i) = -i - 6. Suppose h = -2*m - 16, h = 2*m - 3 + 23. Let t be w(m). Let l = t + 29. What is the units digit of l?
2
Let c be (-4 - (-3 - 1) - -1) + 5. Let z(u) = -u**3 + 10*u**2 - u - 14. What is the hundreds digit of z(c)?
1
Suppose 6*x - 1959 - 2133 = 0. What is the tens digit of x?
8
Suppose 10*p - 1238 = -478. Suppose -10*d - p = -1356. What is the hundreds digit of d?
1
Let l = 81 - 18. Let k = l + 54. What is the hundreds digit of k?
1
Suppose 19*q = 23*q - 8. Let d(z) = z - 5. Let u be d(q). What is the tens digit of (40/3)/(u/(-9))?
4
Let s be (-4)/(-16) + 1/(-4). Suppose -4*c - 5*k + 323 = 0, s = -3*c + 5*k + 150 + 101. What is the units digit of c?
2
Suppose -27*k + 7*k = -7500. What is the tens digit of k?
7
Let l(p) be the third derivative of p**6/144 - p**5/10 + p**4/6 + p**2. Let m(j) be the second derivative of l(j). What is the tens digit of m(5)?
1
Suppose 2*a = -a - 9. Let h be 4*a/(-4) - 3. Suppose -2*r + 34 = -h. What is the tens digit of r?
1
Let x = 28 - 16. Suppose 0*b = 3*b - x. Suppose 0 = d - o - 59 + 2, -5*d = -b*o - 280. What is the units digit of d?
2
Let j be (-6)/(-5)*40/16. Suppose 0*l - j*l = 5*m - 675, -421 = -3*m - 5*l. What is the hundreds digit of m?
1
Let r = -14 - -16. Suppose r*y + 8 = -0*y. What is the units digit of (y/(-5))/((-3)/(-195))?
2
Let y = 2694 - 1343. What is the units digit of y?
1
Suppose -t + 3*s + 18 = 0, 22 = 4*t - 0*s - 2*s. Let o(g) = g**3 - 4*g**2 - 2*g + 3. Let h be o(t). What is the units digit of h/4 - -2 - -16?
5
What is the units digit of 6822/14 - (-6)/(-21)?
7
Let a be (-6)/(-4) - 63/(-6). What is the tens digit of (-1557)/(-12) - (-3)/a?
3
Let g(u) be the third derivative of 0 + 0*u - 2*u**2 - 1/60*u**5 + 1/3*u**4 + 1/2*u**3. What is the units digit of g(7)?
0
Let k = 2037 + -713. What is the hundreds digit of k?
3
Suppose 3*g = 4*i - 82, 2*g + 4 = i - 14. What is the tens digit of (-4)/i + (-10584)/(-132)?
8
Let s be 136/(-36) - (-2)/(-9). What is the tens digit of (-2)/(s - 135/(-35))?
1
Let h(z) = 33*z - 259. What is the hundreds digit of h(37)?
9
Suppose -9*m + 6*m + 12 = 0. What is the tens digit of ((-2)/6)/(m/(-216))?
1
Suppose -4*k + 173 - 25 = 0. Let i = 21 + -19. Suppose 0 = i*d + 3*r - k, -5*d + 2*r + 21 = -119. What is the tens digit of d?
2
Suppose 4*l + 8 = 0, 2*d + 5*l + 360 = 4*d. Suppose -2*t + r + 42 + 103 = 0, -3*t + 245 = 4*r. Suppose t = 5*k - d. What is the tens digit of k?
5
Let a(u) = 34*u - 386. What is the tens digit of a(39)?
4
Let o(f) = f**3 + 4*f**2 - 7*f + 3. Let a be o(-6). Let l be 2/(-9) - 60/a. What is the units digit of (1 - -53)/3 - l?
6
Suppose -4*w + 17 = 5. Suppose -37 = -w*g + 89. What is the tens digit of g?
4
Let m = -25 - -70. Suppose i - m - 65 = 0. What is the tens digit of i?
1
Let z be (-4)/22 + 26768/88. What is the units digit of z/7 + (-28)/(-49)?
4
Let k(x) = 15*x**2 + 16*x - 6. What is the units digit of k(-5)?
9
Let k = -1 - -12. Suppose 10*y - 2 = k*y. What is the units digit of ((-11)/2)/(y/4)?
1
Let h be (-105)/14*(-12)/10. Suppose -5*j = -h*j + 4. What is the units digit of j?
1
Let y be 14*(-86)/(-12) - 6/(-9). Suppose -332 = -3*c - y. What is the tens digit of c?
7
Let c(a) = 4*a**2 - 6*a - 12. Suppose -7*m - 43 = 6. What is the hundreds digit of c(m)?
2
Suppose 750 = -k - 4*k. Let g = 5 - k. What is the tens digit of g?
5
Suppose 14*y = 2168 + 5490. What is the hundreds digit of y?
5
Suppose -2*o = -7*o + 55. Suppose o = w + 2*t - 2, 5*w - 26 = 3*t. Let p = w + 5. What is the tens digit of p?
1
Suppose -176579 = -78*z - 22685. What is the thousands digit of z?
1
Let b = -2225 + 4240. What is the thousands digit of b?
2
Suppose 29*z - 21840 = 14*z. What is the hundreds digit of z?
4
Suppose -5*t - 5*p + 9600 = 0, 50*t = 52*t - 3*p - 3840. What is the thousands digit of t?
1
Let t be -1 + (23/(-6) - (-3)/(-18)). Let l(j) = -2*j**2 - j**3 + 0 + 1 - 2*j - 2*j**2. What is the units digit of l(t)?
6
Let k(c) = 6*c**3 + 4*c**2 - 5*c + 9. Let o be k(3). Suppose 0*x - 4*x + o = 0. What is the units digit of x?
8
Let o(g) = g + 5. Let q be o(-2). Suppose 5*l - 705 = -5*n, -q*n + 58 = -l + 187. What is the tens digit of l?
3
What is the hundreds digit of 1725 + ((-2)/(-9) - 80/36)?
7
Let w = -30 - -35. Suppose -40 = -5*p + w. What is the units digit of p?
9
Let i = 154 - 102. Let j = i + -5. What is the units digit of j?
7
What is the tens digit of -2 + 5 + 350 + 1?
5
Let n(y) = -y**3 + 33*y**2 - 15*y - 55. What is the hundreds digit of n(31)?
4
Suppose -4*k - 8*k - 2*k = 0. Suppose -315 = -5*s + 4*a + 131, 0 = -3*s + 3*a + 267. Suppose 12*h - 17*h + s = k. What is the tens digit of h?
1
Let v(p) = -p**3 + 16*p**2 + p - 11. Let z be v(16). Suppose -q = -4*a + 617, -3*q + 133 = -z*a + 899. What is the units digit of a?
5
Let p(h) = -h**3 + 18*h**2 + 7*h + 37. Let y(f) = f**3 - 18*f**2 - 8*f - 37. Let q(a) = 4*p(a) + 5*y(a). What is the tens digit of q(19)?
9
Let h = 16 - 8. Let i(b) = 2*b**2 + 6*b + 21. What is the hundreds digit of i(h)?
1
Let d(z) = -z**3 - 11*z**2 - z + 8. Suppose -2*s + s = 22. Let l = 11 + s. What is the units digit of d(l)?
9
Suppose 3*o + 2 = 2*r + 7*o, -3*r - 2*o + 11 = 0. What is the units digit of (-7)/(-35) - (-169)/r?
4
Let v = 40 - 69. Let u = 34 + v. What is the units digit of u?
5
Suppose 6*s - 12*s + 12 = 0. Suppose -5*n = -p - 72 + 226, 5*n = s*p - 313. What is the units digit of p?
9
Suppose 4*a - 16 + 4 = d, 41 = 2*d + 5*a. Suppose d*o = 614 + 538. What is the hundreds digit of o?
1
Let p(z) = 3*z**2 - 4*z + 340. What is the units digit of p(-18)?
4
Let x = -1279 - -1829. What is the tens digit of x?
5
Suppose 0 = 2*y - 4*y + 8. Suppose 5*x - y*x - 66 = 0. Suppose -3*b = -b - x. What is the units digit of b?
3
Let z(h) = 2*h - 11. Let q be z(9). Let m = 7 - q. Suppose -4*c - c + 15 = m. What is the units digit of c?
3
Let u(h) be the third derivative of h**5/60 - h**4/12 - h**3/3 - 6*h**2. Let n be u(0). Let r(w) = -5*w**3 - 3*w - 1. What is the units digit of r(n)?
5
What is the hundreds digit of (-2343)/(-3) - (-18)/30*-10?
7
Suppose -8*y = -9*y - 5. Let j(b) = 9*b**2 + 2*b - 10. Let o(g) = -4*g**2 - g + 5. Let x(v) = y*o(v) - 2*j(v). What is the units digit of x(6)?